e -3*z + 27436 = -2*f, 3*f + 45725 = -27*z + 32*z. What is the greatest common divisor of 14 and z?
14
Suppose 0 = -2*i + 43 + 21. Let v be (-3)/8 + 6668/32. What is the greatest common divisor of v and i?
16
Suppose 17 = 5*x - 13. Let k be (-16)/x + (-28)/(-42) - -332. What is the greatest common divisor of 30 and k?
30
Suppose -353 + 834 = 3*n - 1967. What is the greatest common divisor of n and 768?
48
Let i = 147 - 84. Let g be (-1 - -3) + i + -5. What is the highest common divisor of 300 and g?
60
Let h be ((-497)/4)/((-2128)/23104). What is the greatest common divisor of h and 497?
71
Suppose 237*x = 266*x - 5220. What is the highest common factor of 1740 and x?
60
Suppose -606 = -4*w - 3*v, 2*w - v - 468 = -160. What is the highest common divisor of 595 and w?
17
Suppose -2*v + 0*o = -o - 10, -3*v = 4*o - 15. Let u(i) = -i + 14. Let b be u(v). Suppose 5*c = 36 + b. What is the highest common divisor of 3 and c?
3
Suppose -68*x = 2837 - 14737. Suppose 2*b = 3*b - 5*w + 24, -4*b + 2*w = 6. Calculate the highest common divisor of x and b.
1
Let v(j) = -2*j - 3. Let u be v(-4). Let t = 52 + 8. Suppose -25*f + t = -22*f. Calculate the highest common factor of f and u.
5
Let k = 0 + 8. Let r(a) = a**3 + 8*a**2 - 17*a + 32. Let h be r(-9). What is the highest common divisor of h and k?
8
Suppose 0 = -2*q - 3*q + 10. Suppose d + q*o + 19 = 4, -2*o + 4 = 0. Let j be 4/(-12)*6*d. What is the highest common divisor of 57 and j?
19
Suppose -3*z - 2*z = -205. Let u = z - 21. Let k be -14*(1881/(-76) - -25)/((-7)/4). What is the highest common divisor of u and k?
2
Let c = 3978 - 2858. Calculate the highest common factor of c and 128.
32
Let o be (10/5)/(12/2808). Calculate the greatest common factor of o and 3588.
156
Suppose -6*p - 2514 + 13314 = 9*p. What is the highest common divisor of p and 126?
18
Suppose 18*s - 76*s = -1172 - 626. What is the greatest common factor of 3720 and s?
31
Let r be (-1804)/(-18) - 130/585. Let k be (0 - -38)/(10/r). What is the highest common divisor of 20 and k?
20
Let u(w) = -437*w - 859. Let b be u(-7). Calculate the greatest common factor of 5600 and b.
200
Let q(u) = 14*u**2 + 14*u - 7. Let n be q(4). Let j be (180/63)/(-2 + 552/n). What is the highest common factor of 26 and j?
26
Suppose 24 + 108 = 6*v. What is the greatest common factor of 803 and v?
11
Suppose 17*u - 14492 = u - 716. Calculate the highest common divisor of 14 and u.
7
Suppose 2*m + 68*h - 3010 = 67*h, 0 = 2*m + 5*h - 3026. What is the highest common divisor of 167 and m?
167
Let h(b) = -9*b**2 + 6*b + 2. Let m be h(3). Let p = m - -79. Let w(z) = z**2 - 8*z + 18. Let t be w(p). Calculate the highest common divisor of t and 18.
18
Let o(k) = 13*k**2 - 28*k + 105. Let i be o(4). Calculate the highest common divisor of 1273 and i.
67
Let o be (-2)/(-3) - (-1810)/30. Let d = -49 + o. Suppose -x + d = -5*g, -3*g = 4*x + x - 4. Calculate the greatest common divisor of x and 5.
1
Let g = -55 + 80. Suppose -212 - 13 = -l. What is the greatest common divisor of l and g?
25
Let p be (-1)/6 + 275/66. Suppose -4437 = p*x - 21*x. Calculate the greatest common factor of 27 and x.
9
Let b(x) = -94*x + 3933. Let f be b(29). What is the greatest common divisor of 374 and f?
17
Suppose 11*o - 17779 = 14941 - 2030. What is the highest common factor of o and 9?
9
Let w(i) = i**3 + 41*i**2 - 451*i + 23. Let u be w(9). Calculate the highest common factor of u and 7231.
7
Suppose -4*q - 5*m - 1717 = 0, 3*m = -q - 2*m - 448. Let g = q + 433. Calculate the greatest common factor of 15 and g.
5
Let a = 8690 + -5742. What is the greatest common factor of a and 44?
44
Let n be (774/(-3612) + (-451)/(-14))*40. Let c(w) = w + 10. Let o be c(10). Calculate the greatest common divisor of n and o.
20
Suppose -10*z + 17*z + 480 = 15*z. Calculate the greatest common factor of 4470 and z.
30
Let t be (-231)/9*1560/(-1820). What is the greatest common factor of t and 2816?
22
Let t be -2*(-6)/(-1)*-1. Suppose -94 = t*h - 262. Let c be (0/2)/2 + 42. Calculate the highest common factor of h and c.
14
Let n(g) be the second derivative of -g**5/20 + g**4/3 + 5*g**3/2 + 3*g**2 - g - 117. Let i be n(4). What is the greatest common factor of 12 and i?
6
Let t be (-105)/(10 + -3)*4/(-5). Let i be (-686)/42*(0 - t). Calculate the highest common divisor of i and 14.
14
Suppose -23002 = -2*c - 4*f + 2*f, -46003 = -4*c - 5*f. Suppose -c = -29*j + 9436. What is the highest common factor of 38 and j?
38
Let q be (-2)/((-128)/40)*40. What is the greatest common factor of q and 220?
5
Let r be (-4 + 9)/(1/7). Suppose r*i + 30 = 40*i. Suppose -3*p = x - 64 + 19, -2*x - 30 = -2*p. What is the highest common divisor of i and p?
3
Let r = -14959 - -15843. Calculate the highest common factor of 130 and r.
26
Let v(s) = -s**2 - 17*s - 24. Let m be v(-12). Suppose 0 = 3*o - 4*o + 4*p + m, -3*p = 3*o - 153. Calculate the greatest common factor of o and 16.
16
Let q(w) = w**2 - 15*w - 15. Let o be q(9). Let s = -49 - o. Calculate the greatest common factor of 80 and s.
20
Let n(i) = -3*i - 11. Let m be n(-6). Suppose -m*w + 493 = -382. What is the highest common divisor of w and 50?
25
Let w be (0 - -1 - -2) + 198. Let s be (-50)/10 - -8 - 0. What is the highest common divisor of w and s?
3
Let u(i) = 7*i + 46. Let r be u(-25). Let t = 149 + r. What is the greatest common divisor of 220 and t?
20
Let h be ((-287)/82)/((-1)/(-226)). Let y = h + 877. What is the highest common divisor of y and 2?
2
Let u(c) = 16*c**2 - 142*c + 809. Let s be u(6). Calculate the greatest common divisor of s and 41.
41
Let k = -27 + 188. Let g = -93 + k. Let p = -451 + 455. Calculate the greatest common factor of g and p.
4
Let u = 3062 + -2967. What is the greatest common factor of 114 and u?
19
Suppose -36 = 17*i - 60 - 180. Suppose 5*f = -0*f + 20. What is the highest common factor of i and f?
4
Let t be -16 + 33 - (-1 + 2). Suppose 18*r = -t*r + 4522. Calculate the highest common divisor of 19 and r.
19
Suppose -3*g + 12 = v - 2, -5*v + 4*g = -89. Suppose -14*h = -v*h + 12. What is the greatest common factor of 32 and h?
4
Suppose -t + 273 = 2*m, -2*t + 191 = m + 50. Let y = -105 + m. Suppose -y = -5*c - c. What is the greatest common divisor of c and 2?
1
Let z(r) = -r + 38. Let c be z(24). Suppose 4*i + 78 = 2*d - 40, -2*d + 3*i + 114 = 0. Let h = 5 + d. What is the greatest common divisor of c and h?
14
Suppose 4*l = -4*p + 560, -445 = 14*p - 17*p + 2*l. Calculate the highest common factor of p and 1131.
29
Let c(g) = -g**3 + 5*g**2 + 30*g + 58. Let h be c(9). What is the greatest common factor of h and 2908?
4
Let p = 55436 + -55415. Let d = 453 + -180. What is the greatest common factor of p and d?
21
Let y(s) = -s**3 + 4*s**2 + 2*s - 8. Let u be y(4). Suppose u = -3*v + 5*v + 32. Let w = 19 - v. What is the highest common factor of 5 and w?
5
Let w(g) = g**3 - 4*g**2 - 7*g - 7. Let b be w(7). Let i = 105 - b. What is the greatest common factor of 70 and i?
14
Let r = 40 - 33. Suppose -2*u + 5*x + 38 = 0, r*u + 3*x = 3*u + 24. Suppose 613 = u*g - 584. What is the greatest common factor of 19 and g?
19
Suppose 19 = 4*b - 29. Suppose 2*l + 5*c + 5195 = 0, 2*c - 3001 - 4839 = 3*l. Let s be (-15)/b*2*l/25. What is the greatest common factor of 29 and s?
29
Suppose -7*k - 2*k = -36. Suppose -4*s - 32 = 5*l, -2*s - k*l = -5*s - 24. Let g be s/28 - (-1356)/42. What is the greatest common divisor of g and 2?
2
Let i(c) = c**3 + 5*c + 50. Let r be i(0). What is the greatest common divisor of 290 and r?
10
Let f = -76 - -94. Suppose -2*l + s + f = -50, 116 = 3*l + 2*s. What is the highest common divisor of l and 684?
36
Suppose x = 84 - 312. Let h = 208 - 316. Let n = h - x. Calculate the highest common factor of 15 and n.
15
Let k = -20 - -55. Let h be 435/k - (-20)/35. Let g = h - 8. What is the highest common factor of g and 50?
5
Suppose 0 = 728*h - 730*h - x + 2740, -20 = -5*x. What is the highest common divisor of 2907 and h?
171
Let w(x) = -100*x + 32. Let c be w(-3). Let l(o) = 58*o + 1575. Let j be l(-20). What is the greatest common divisor of c and j?
83
Let u(o) = 9*o**3 - 261*o**2 + 10. Let q be u(29). Calculate the greatest common divisor of 2195 and q.
5
Suppose -30 = 3*o - 5*o. Let u(c) = c**3 - 4*c**2 